t is the ten thousands digit of j?
4
Suppose 5*h + 1 = 11. Suppose x + h*p = 19, -2*p + 40 = 3*x - x. Let l = 56 - x. What is the units digit of l?
5
Suppose -4*y + 64 = -28. Let p = y - 23. Suppose -3*w + 4*x + 107 = p, -4*w - 2*x = -7*w + 97. What is the tens digit of w?
2
Suppose -121179 = 5*i - 14*i - 2*t, -3*i - 4*t = -40383. What is the units digit of i?
5
What is the thousands digit of 9916 + 3 - (12/9 + 22/(-3))?
9
Suppose 2*s - 116982 = y, 14*s - 9*s = -4*y + 292468. Suppose -15535 + s = 43*f. What is the units digit of f?
9
Let m(x) = 2*x**3 - 8*x**2 + 7*x - 12. Let p be m(7). Suppose 5*d = s - p, -8*s = -3*s + d - 1603. What is the tens digit of s?
2
Let m(j) = 96*j + 1946. What is the units digit of m(51)?
2
Suppose 31 + 39 = 10*m. Suppose 3*b = -5*n + m*b + 6048, 0 = b - 3. What is the thousands digit of n?
1
Suppose 0 = -1019*b + 943*b + 438368. What is the tens digit of b?
6
Suppose -16537*o - 134772 - 385872 = -16580*o. What is the thousands digit of o?
2
Suppose -w + 39186 = 4*z, -260*z - 3*w - 39178 = -264*z. What is the hundreds digit of z?
7
Let m(d) = 433*d**2 - 5*d. Let o be m(1). Let q = 1244 - o. What is the hundreds digit of q?
8
Let y = 3 - -3. Suppose -4*j = 5*o - y, 0*o + 5*o = -j + 9. Suppose 0 = -3*r + o*r - 4*w + 53, 5*r + 2*w - 265 = 0. What is the tens digit of r?
5
Let u(m) = 4*m**2 - 7*m + 7. Suppose -5*o - 102 = 4*t, 3*o + 2*t + 63 - 3 = 0. Let z(x) = -x**2 - 16*x + 38. Let p be z(o). What is the units digit of u(p)?
9
Let s(k) = -2*k**2 - 17*k. Let z be s(-7). Let m(i) = -i**2 + 20*i + 27. Let f be m(z). Suppose -v = -f*v + 115. What is the units digit of v?
3
What is the units digit of (33/(-12))/((-85)/(-54536))*-5?
2
Let w = -3816 + 6984. Let m = -1929 + w. What is the hundreds digit of m?
2
Let i = -9 + 13. Suppose -i*b - 60 = -4*a, -5*a + 3*b = -4*a - 5. What is the units digit of (1/(8/a))/((-4)/(-24))?
5
Suppose 21*z + 12*z = 12*z + 151263. What is the hundreds digit of z?
2
Let d(i) = 16*i**2 - 5*i. Suppose r + 8 = 2*q, q - 3*r - 7 = -8. What is the hundreds digit of d(q)?
3
Suppose -4*z - 9796 = -2*q, q + 3*z - 1147 = 3776. What is the thousands digit of q?
4
Suppose -5007 = 5*y + 798. What is the tens digit of (-2 + 1)/(7 - (-8130)/y)?
8
Suppose a + 8 = 3*c + 3, 3*a - 3*c = 3. Suppose -l - a = 0, -d + 145 = -l - 156. Suppose -5*h + d = f + 113, -3*f + 532 = 5*h. What is the tens digit of f?
7
Let q = -11 - -13. Let r be 182/42 - q/6. What is the units digit of r - ((-20)/(-5) + -29)?
9
Suppose 490 = 25*h - 11*h. What is the units digit of (26/(-30) - (-7)/h)*-222?
8
Let p = 37695 - 16146. What is the hundreds digit of p?
5
Let y be (15/(-22) + (-6)/(-33))*4. Let v be 175 - 1 - 10/y. What is the units digit of v*(-4)/(-4) - 1?
8
Suppose -111 = -3*f - 2*h, -132 = -3*f + 4*h + h. What is the tens digit of 16133/f - (-2)/6?
1
Let v = 133 - 130. Suppose p = -3*a + 2420, 2*a - 7*p + v*p = 1632. What is the hundreds digit of a?
8
Let n(s) = -872*s - 19. Let p be n(-2). Suppose 0 = -7*c + p - 304. What is the units digit of c?
3
Suppose 0 = 17*h - 15*h - 5*t - 15277, h - 2*t - 7636 = 0. What is the tens digit of h?
2
Suppose 2*v - 5*v - 12 = 0, -2*r + 5*v + 588 = 0. Let l = r + -178. What is the tens digit of l?
0
Let w(b) = 3*b**2 + 5*b - 28. Let q be w(9). Let x = q - 1. Let n = x - 99. What is the tens digit of n?
6
Suppose p = s - 1967, -125*s + 3*p = -123*s - 3940. What is the hundreds digit of s?
9
Suppose 35*n - 342403 = 6*n. Suppose 11*s = 656 + n. What is the hundreds digit of s?
1
Suppose -3*p + 3*g + 339 = 0, -6*p - 2*g + 359 = -3*p. Let j = 122 - p. Suppose j*w - 118 = 122. What is the tens digit of w?
4
Let q = 203 - 200. Suppose q*j = 9*j - 2172. What is the hundreds digit of j?
3
What is the thousands digit of 3357004/42 + (-11)/(-33)?
9
Suppose -5*f + 6*f = 14. Suppose 12*x - f*x + 314 = 0. What is the hundreds digit of x?
1
Let z(v) = 3*v**3 - 2*v**2 + 7*v + 30751. What is the units digit of z(0)?
1
Let r(g) be the third derivative of -g**4/4 + 29*g**3/6 + 17*g**2. Let x be r(5). Let a = 23 - x. What is the units digit of a?
4
Suppose -2*k = 53*k - 335335. What is the units digit of k?
7
Let b = -277 + 291. What is the tens digit of 355 + b*(-4)/(-14)?
5
Let f = -84 - 152. Let j = f - -1148. What is the tens digit of j?
1
Suppose 2*x + 148 = -0*x. Suppose -2*a - 4*k = 298, a - 120 = -5*k - 275. Let h = x - a. What is the units digit of h?
1
Suppose -h = 3*u - 10 + 25, 4*h = u + 18. Let c(b) = 36*b - 5. Let q(m) = -33*m + 5. Let g(j) = 6*c(j) + 7*q(j). What is the tens digit of g(u)?
9
Let g(v) = -v**3 + 7*v**2 - v - 22. Let s be g(9). Let f = s + 378. What is the tens digit of f?
8
Suppose -4*j = -649 - 927. Suppose -5*q + j + 341 = 0. What is the tens digit of q?
4
Let j(m) = 12*m**2 - 3. Let b be j(2). Suppose b - 1 = 11*h. Suppose 3*s = h*f - 277, 2*f - s - 136 = 3*s. What is the tens digit of f?
7
Let t(b) = b**2 - 25*b + 72. Let v be t(20). What is the units digit of 9/(((-24)/v)/((-328)/(-14)))?
6
Let j = 70 + -62. Suppose -2326 = -j*x + 4146. What is the tens digit of x?
0
Suppose 2*h = 2*p - 12620, -13*p + 10*p + 18929 = -2*h. What is the units digit of p?
9
Let i be (8/(-2))/(-5 - (-1 + -3)). Suppose 0 = -4*f - 3*h + 8 + i, f - 2*h + 8 = 0. Suppose f*k = -2*k + 196. What is the units digit of k?
8
Let t(l) = 4*l**3 + 7*l**2 - 4*l + 12. Let p(m) = -m**2 - 1. Let g(j) = 4*p(j) + t(j). What is the units digit of g(4)?
6
Let q be (1 - 0) + 3 + -5 + 545. Let m be (-1)/(-4 + 3)*-1 + 3. Suppose -2*h = 3*a - 539, -a - m*a - h + q = 0. What is the tens digit of a?
8
Suppose 67*f + 132 = 45*f. Let n(o) be the second derivative of 5*o**4/12 + 13*o**3/6 + 9*o**2/2 - 3*o. What is the units digit of n(f)?
1
Let b = 1249 - -17000. What is the ten thousands digit of b?
1
What is the thousands digit of (263928/3)/2 + 9 + (3 - 15)?
3
Let u(c) = 1270*c**2 + 10*c + 8. What is the units digit of u(-1)?
8
Let d(f) = f**3 + 4*f**2 - 22*f - 5. Let u be d(-7). Suppose i + u*s = 12, -4*s + 2*s = -4*i - 2. What is the hundreds digit of 8274/30 + i/10?
2
Let z = 20 - -47. Suppose 9*p = 2*a + 4*p - z, 2*p = -5*a + 153. Suppose -a = -t + 15. What is the tens digit of t?
4
Suppose 2*x + 18 = 4*h, -6*x + 10*x = 2*h. What is the hundreds digit of 3 - (-8)/(-16) - (-8181)/h?
3
Let p = -509 + 513. Suppose 81 + 117 = n + p*c, 0 = 5*c - 10. What is the hundreds digit of n?
1
Let j(h) = 11*h - 12. Let g be j(6). Suppose -4*n = -3*r - g, -3*n - 5*r + 2 = -2*n. What is the tens digit of n/(-6)*(-87)/6?
2
Let u be 4/(-5) + (-12)/60. Let f be 0/12 - (-5 - u). Suppose n = -g + 110, n - 6*n + f*g = -514. What is the tens digit of n?
0
Let o(i) = i**3 - 7*i**2 + i + 16. Suppose 9 = -3*k + 36. Let p be o(k). Suppose 3*a - 188 = 5*x, -139 = -5*a + 2*x + p. What is the units digit of a?
6
Let a(j) be the second derivative of -3*j**3 + 3*j**2/2 + 2*j. Let v be a(4). Let b = v + 77. What is the units digit of b?
8
Let f(j) = -j**3 + 8*j**2 + 27*j + 68. Let b be f(11). What is the thousands digit of (1510 - 0) + (72/b)/(-6)?
1
Let z be (-110)/(-3) - -2*(-5)/(-30). Suppose -3*x - 5*q = -7*q + 9, 5*x = -4*q - z. What is the units digit of ((-79)/1 - x)/((-2)/4)?
8
What is the units digit of 228/(-133) - 42992/(-7)?
0
Let r = 175 + -173. Let w(m) = 0*m + 15*m**3 - 2*m**2 + 5*m - 9 + 4 + 0*m**2. What is the hundreds digit of w(r)?
1
Suppose 260*o - 2118736 = 6384495 + 5363349. What is the hundreds digit of o?
3
Suppose 144*r = 1272075 + 475990 + 1576031. What is the ten thousands digit of r?
2
Let n be (-8082)/(-10) - 2/10. Suppose 2*m - n = -2*t, 4*m + 1584 = -0*t + 4*t. What is the tens digit of t?
0
Let a be 1/8 - (2 + 312/(-64)). Suppose -c + 5*z + 566 = -48, -6 = -a*z. What is the hundreds digit of c?
6
What is the hundreds digit of ((-30)/(-20) + -2)*(-17)/((-34)/(-92832))?
2
Let r(x) = 708*x + 52. Let c be r(3). Suppose -16*u - c = -24*u. What is the tens digit of u?
7
Let u(o) = -7*o + 3182. What is the hundreds digit of u(-32)?
4
Suppose 4*l = 2*v + 120189 + 26185, 0 = 2*v + 14. What is the tens digit of l?
9
Suppose -12*q - 8962 = 5258. Let t = -696 - q. What is the units digit of t?
9
Let j = 13 + -12. Let c(x) = -600*x**3 - x**2 + x. Let y be c(j). What is the units digit of y/36*(-6)/4?
5
Suppose -6*d + d = -20. Sup